
False
Is 22939379 a prime number?
True
Is 108133 composite?
True
Is 3364079 a prime number?
False
Is 7427557 a prime number?
False
Is 36221613 prime?
False
Is 1056859 prime?
False
Is 78620849 a prime number?
True
Is 25391533 prime?
True
Is 56015501 a composite number?
True
Is 4045241 prime?
False
Is 14666647 prime?
True
Is 10519423 prime?
True
Is 605807149 a prime number?
True
Is 3230207 a prime number?
True
Is 111211 a prime number?
True
Is 801247 composite?
False
Is 119405233 composite?
False
Is 398931551 prime?
True
Is 1211381 composite?
False
Is 2388011 prime?
False
Is 7557113 prime?
True
Is 98240117 prime?
False
Is 466654847 prime?
True
Is 33656318 a prime number?
False
Is 1535563 a prime number?
True
Is 13304909 a composite number?
False
Is 118149931 a composite number?
False
Is 7144157 composite?
True
Is 8964091 prime?
False
Is 1744423 prime?
True
Is 10896103 a prime number?
True
Is 297919649 a composite number?
False
Is 73464971 a prime number?
False
Is 21177907 prime?
True
Is 149829607 prime?
True
Is 688097 a prime number?
True
Is 351011 a prime number?
True
Is 3629713 a prime number?
False
Is 4611353 a composite number?
False
Is 79122205 composite?
True
Is 5743889 prime?
False
Is 172349369 a composite number?
False
Is 9121199 a composite number?
False
Is 33389569 a composite number?
False
Is 547810279 a prime number?
False
Is 36042877 a prime number?
False
Is 52081349 composite?
False
Is 47157619 a composite number?
True
Is 1227143 prime?
True
Is 787398947 prime?
False
Is 1885853 composite?
True
Is 1055839007 prime?
True
Is 16199977 prime?
False
Is 66841123 a prime number?
True
Is 19554545 a prime number?
False
Is 3877789 a prime number?
True
Is 50373265 prime?
False
Is 2355833 composite?
True
Is 13680691 composite?
False
Is 756425941 a composite number?
False
Is 24879781 a prime number?
False
Is 1193987 prime?
False
Is 1768009 a prime number?
False
Is 33839173 composite?
True
Is 18059647 prime?
False
Is 394187 a composite number?
False
Is 6685291 a prime number?
False
Is 22881917 a prime number?
True
Is 1686731 a composite number?
True
Is 89040601 a prime number?
False
Is 63362119 a composite number?
True
Is 6544003 prime?
True
Is 36875977 composite?
False
Is 169432581 composite?
True
Is 7079403 composite?
True
Is 25908539 a composite number?
True
Is 4777922 composite?
True
Is 18995453 a prime number?
True
Is 192019 a prime number?
False
Is 11111393 a composite number?
False
Is 11472101 a prime number?
False
Is 12520613 composite?
True
Is 4437971 prime?
False
Is 19408217 a prime number?
True
Is 17727537 a prime number?
False
Is 43049701 composite?
False
Is 2213343817 composite?
False
Is 14996629 a composite number?
False
Is 17906051 composite?
True
Is 1394779 composite?
True
Is 465407 a prime number?
True
Is 1461127 composite?
False
Is 4910173 composite?
False
Is 39179947 prime?
True
Is 20185799 a prime number?
True
Is 49119709 a composite number?
False
Is 14629757 a prime number?
True
Is 57051893 a prime number?
True
Is 15384311 a composite number?
True
Is 2690323 a prime number?
False
Is 855269 a composite number?
False
Is 179624903 prime?
True
Is 33037517 a composite number?
True
Is 163426477 a prime number?
False
Is 32838433 prime?
False
Is 3521561 a prime number?
True
Is 6192223 a composite number?
True
Is 249940949 prime?
True
Is 8985811 a composite number?
False
Is 662294 prime?
False
Is 11017 a prime number?
False
Is 5392307 composite?
False
Is 56032747 a prime number?
False
Is 245263337 composite?
True
Is 20546231 composite?
False
Is 3203729 a composite number?
False
Is 485 a prime number?
False
Is 29130713 prime?
False
Is 15929213 a prime number?
False
Is 183372763 prime?
False
Is 3509221 composite?
False
Is 204407 composite?
True
Is 125644802 a composite number?
True
Is 16294555 composite?
True
Is 62549441 prime?
False
Is 6194726 a prime number?
False
Is 118888711 a composite number?
True
Is 1822627 a composite number?
True
Is 8815549 a composite number?
False
Is 101894887 prime?
True
Is 38209087 a prime number?
False
Is 61538523 prime?
False
Is 214432261 a prime number?
False
Is 9353819 composite?
False
Is 33472151 a prime number?
False
Is 4265849 a prime number?
False
Is 55893218 a prime number?
False
Is 736609 composite?
True
Is 9315055 prime?
False
Is 41288909 a prime number?
True
Is 6800209 prime?
False
Is 953351513 prime?
True
Is 358261405 composite?
True
Is 51286997 a composite number?
False
Is 10128637 prime?
True
Is 17517889 composite?
True
Is 80272897 prime?
True
Is 69296081 prime?
True
Is 3310357 prime?
True
Is 1456553423 prime?
False
Is 462666569 a prime number?
True
Is 47563 prime?
True
Is 945067 a composite number?
True
Is 47071373 a prime number?
True
Is 203020799 prime?
False
Is 78530011 composite?
True
Is 1939867 composite?
False
Is 18772487 a composite number?
False
Is 719977 a prime number?
False
Is 11062367 a prime number?
True
Is 1558129 prime?
True
Is 82357259 composite?
True
Is 501996823 prime?
False
Is 1515827 composite?
True
Is 3452497 prime?
True
Is 67687618 composite?
True
Is 7284161 composite?
True
Is 7979423 a prime number?
True
Is 2746682 composite?
True
Is 21285869 prime?
False
Is 93127549 composite?
True
Is 10298737 composite?
False
Is 40826977 a composite number?
True
Is 25385903 composite?
True
Is 5543353 a composite number?
True
Is 324008879 a prime number?
False
Is 457905451 composite?
True
Is 2584991 a prime number?
False
Is 2060599 a composite number?
False
Is 101617 a prime number?
False
Is 300612337 a composite number?
False
Is 16927489 a composite number?
True
Is 28058647 composite?
False
Is 170025997 composite?
False
Is 49630961 composite?
False
Is 34011193 a composite number?
False
Is 5641219 a composite number?
True
Is 3337171 composite?
False
Is 78487757 a prime number?
True
Is 1451899 a composite number?
False
Is 4729817 a composite number?
True
Is 21695029 a composite number?
True
Is 12024163 a prime number?
False
Is 49324013 prime?
True
Is 57762541 a composite number?
True
Is 26832914 a composite number?
True
Is 25302631 prime?
True
Is 46289153 a composite number?
True
Is 944359 prime?
False
Is 28459339 a composite number?
False
Is 512202259 a prime number?
False
Is 61413641 a composite number?
True
Is 37483 prime?
True
Is 150101771 a prime number?
False
Is 2531609 prime?
True
Is 7913281 composite?
True
Is 3731417 prime?
True
Is 89431715 a prime number?
False
Is 28080317 a composite number?
False
Is 14768963 composite?
True
Is 17542669 a composite number?
True
Is 2189878 a composite number?
True
Is 2383097 a composite number?
True
Is 15602387 composite?
True
Is 1277869 a composite number?
True
Is 31767 a prime number?
False
Is 10716161 composite?
True
Is 224330347 composite?
True
Is 73009 prime?
True
Is 66361447 a composite number?
True
Is 183213313 composite?
False
Is 58630463 a composite number?
False
Is 41064923 a composite number?
False
Is 176674 a prime number?
False
Is 3869561 composite?
False
Is 116050829 composite?
False
Is 1030241 a prime number?
True
Is 52137983 composite?
True
Is 116761969 composite?
False
Is 20149711 composite?
False
Is 14135071 composite?
False
Is 661788371 a prime number?
False
Is 5412041 composite?
True
Is 15330253 composite?
False
Is 72661261 a composite number?
True
Is 10938119 a composite number?
False
Is 5382554 composite?
True
Is 197992681 prime?
True
Is 175947761 prime?
False
Is 63342259 prime?
True
Is 11172907 prime?
True
Is 292847651 a composite number?
False
Is 16133123 prime?
False
Is 17647 composite?
True
Is 140632673 prime?
True
Is 28555997 prime?
False
Is 44881 prime?
False
Is 50375719 a composite number?
False
Is 19543279 a composite number?
True
Is 331754 a prime number?
False
Is 234129871 prime?
False
Is 6214927 a prime number?
False
Is 72662739 a composite number?
True
Is 1199567 a prime number?
False
Is 1361983 a composite number?
True
Is 47730517 composite?
False
Is 346971941 composite?
False
Is 95007571 prime?
True
Is 30662041 composite?
True
Is 206272943 composite?
False
Is 2797147 a composite number?
True
Is 550237043 a composite number?
True
Is 127195873 composite?
True
Is 12895963 composite?
False
Is 36639877 prime?
True
Is 63601079 prime?
False
Is 1501447 composite?
False
Is 11511179 composite?
True
Is 181931851 